{"id":73910,"date":"2015-05-25T16:56:55","date_gmt":"2015-05-25T09:56:55","guid":{"rendered":"https:\/\/structure.thememove.com\/?page_id=73910"},"modified":"2023-02-07T13:27:52","modified_gmt":"2023-02-07T13:27:52","slug":"certificacion","status":"publish","type":"page","link":"https:\/\/doa.cl\/index.php\/quienes-somos\/certificacion\/","title":{"rendered":"Certificaci\u00f3n"},"content":{"rendered":"<div class=\"wpb-content-wrapper\"><p>[vc_row css=\u00bb.vc_custom_1433564506232{margin-top: 20px !important;margin-bottom: 70px !important;}\u00bb][vc_column width=\u00bb1\/4&#8243;][vc_column_text][vc_widget_sidebar sidebar_id=\u00bbsidebar\u00bb][\/vc_column_text][\/vc_column][vc_column width=\u00bb3\/4&#8243;][vc_row_inner css=\u00bb.vc_custom_1433562831360{margin-bottom: 50px !important;}\u00bb][vc_column_inner][rev_slider_vc alias=\u00bbabout-us\u00bb][vc_separator][vc_empty_space][vc_custom_heading text=\u00bbCERTIFICACI\u00d3N ISO 9001&#8243; font_container=\u00bbtag:h2|text_align:left|color:%23111111&#8243; el_class=\u00bbheading-title-3&#8243;][vc_column_text]<strong>ISO 9001:2015<\/strong><\/p>\n<p>\u00bfQ\u00daE \u00c9S?<\/p>\n<p style=\"text-align: left;\">Es una norma internacional que se aplica a los Sistemas de Gesti\u00f3n de Calidad de organizaciones p\u00fablicas y privadas, independientemente de su tama\u00f1o o actividad. Se trata de un m\u00e9todo de trabajo excelente para la mejora de la calidad de los productos y servicios, as\u00ed como de la satisfacci\u00f3n del cliente.<\/p>\n<p>[\/vc_column_text][vc_empty_space][vc_single_image image=\u00bb75493&#8243; img_size=\u00bbfull\u00bb alignment=\u00bbcenter\u00bb][\/vc_column_inner][\/vc_row_inner][vc_custom_heading text=\u00bbNUESTRO COMPROMISO CON LA CALIDAD\u00bb font_container=\u00bbtag:h2|text_align:left|color:%23111111&#8243; el_class=\u00bbheading-title-3&#8243;][vc_column_text]Para cumplir nuestro principal objetivo que es ser el aliado estrat\u00e9gico de nuestros\u00a0 clientes es que nos hemos certificado bajo la norma ISO 9001:2015 orientada al Sistema de gesti\u00f3n de Calidad.[\/vc_column_text][vc_single_image image=\u00bb75514&#8243; img_size=\u00bbLARGE\u00bb alignment=\u00bbcenter\u00bb][\/vc_column][\/vc_row][vc_row][vc_column][vc_empty_space height=\u00bb70px\u00bb][\/vc_column][\/vc_row]<\/p>\n<\/div>","protected":false},"excerpt":{"rendered":"<p>[vc_row css=\u00bb.vc_custom_1433564506232{margin-top: 20px !important;margin-bottom: 70px !important;}\u00bb][vc_column width=\u00bb1\/4&#8243;][vc_column_text][vc_widget_sidebar sidebar_id=\u00bbsidebar\u00bb][\/vc_column_text][\/vc_column][vc_column width=\u00bb3\/4&#8243;][vc_row_inner css=\u00bb.vc_custom_1433562831360{margin-bottom: 50px !important;}\u00bb][vc_column_inner][rev_slider_vc alias=\u00bbabout-us\u00bb][vc_separator][vc_empty_space][vc_custom_heading text=\u00bbCERTIFICACI\u00d3N ISO 9001&#8243; font_container=\u00bbtag:h2|text_align:left|color:%23111111&#8243; el_class=\u00bbheading-title-3&#8243;][vc_column_text]ISO 9001:2015 \u00bfQ\u00daE \u00c9S? Es una norma internacional que se aplica a los Sistemas de Gesti\u00f3n de Calidad de organizaciones p\u00fablicas y privadas, independientemente de su tama\u00f1o o actividad. Se trata de un m\u00e9todo de trabajo excelente para [&hellip;]<\/p>\n","protected":false},"author":1,"featured_media":0,"parent":61,"menu_order":0,"comment_status":"closed","ping_status":"closed","template":"","meta":{"footnotes":""},"class_list":["post-73910","page","type-page","status-publish","hentry"],"_links":{"self":[{"href":"https:\/\/doa.cl\/index.php\/wp-json\/wp\/v2\/pages\/73910","targetHints":{"allow":["GET"]}}],"collection":[{"href":"https:\/\/doa.cl\/index.php\/wp-json\/wp\/v2\/pages"}],"about":[{"href":"https:\/\/doa.cl\/index.php\/wp-json\/wp\/v2\/types\/page"}],"author":[{"embeddable":true,"href":"https:\/\/doa.cl\/index.php\/wp-json\/wp\/v2\/users\/1"}],"replies":[{"embeddable":true,"href":"https:\/\/doa.cl\/index.php\/wp-json\/wp\/v2\/comments?post=73910"}],"version-history":[{"count":11,"href":"https:\/\/doa.cl\/index.php\/wp-json\/wp\/v2\/pages\/73910\/revisions"}],"predecessor-version":[{"id":75583,"href":"https:\/\/doa.cl\/index.php\/wp-json\/wp\/v2\/pages\/73910\/revisions\/75583"}],"up":[{"embeddable":true,"href":"https:\/\/doa.cl\/index.php\/wp-json\/wp\/v2\/pages\/61"}],"wp:attachment":[{"href":"https:\/\/doa.cl\/index.php\/wp-json\/wp\/v2\/media?parent=73910"}],"curies":[{"name":"wp","href":"https:\/\/api.w.org\/{rel}","templated":true}]}}